t is the tens digit of o?
4
Let c(i) = i + 11. Let v be c(-7). Let t be (1 + 1)*12/v. Suppose t*j + 1 = 277. What is the units digit of j?
6
Let r = 18 - 12. Let v(o) = o**3 - 6*o**2 + 5*o - 6. Let q be v(r). Suppose 0 = -4*z + 5*z - q. What is the tens digit of z?
2
Let c(y) = y**3 - 6 + 0 + 7*y**2 + 12*y - 7*y + 3. What is the units digit of c(-6)?
3
Let s(u) be the second derivative of -11*u**3/6 - 9*u**2/2 - 23*u. What is the tens digit of s(-6)?
5
Suppose 111*a - 114*a + 459 = 0. Let b = a - 66. What is the tens digit of b?
8
Suppose 35*j = 47*j - 13272. What is the units digit of j?
6
Let f(z) = -z**3 + 15*z**2 + 13*z + 8. Let o be f(15). Let n = 292 - o. What is the tens digit of n?
8
Let v be 9/12 + 55/(-4). Let t = 1 - v. Suppose -2*a + t = 4*s + s, -3*a = 3*s - 39. What is the units digit of a?
7
Let y = 1520 + -540. What is the hundreds digit of y?
9
Suppose -2*x = -4 - 0. Let f(k) = 2*k + 2. Let p(o) = -o - 1. Let z(c) = x*f(c) + 5*p(c). What is the units digit of z(-3)?
2
Let q be 112/(-10) - (-17)/85. Let m = 59 + -86. Let u = q - m. What is the units digit of u?
6
Suppose 0 = 81*l - 70*l - 9548. What is the tens digit of l?
6
What is the hundreds digit of 815*21/15 + -13?
1
Suppose -11*n + 15792 = 31*n. What is the units digit of n?
6
Let l(c) = 7*c**2 - 15*c - 51. What is the thousands digit of l(15)?
1
Let b(g) = g - 7. Let v be b(8). Let x(c) = 2*c - 4 + 10 - 3*c + v. What is the units digit of x(0)?
7
Let o(s) = 5*s + 17. Let f(z) = -z + 1. Let x be f(-3). What is the units digit of o(x)?
7
Let h = -56 - -61. Suppose -h = u - 162. What is the hundreds digit of u?
1
Suppose -3399 = -21*i + 4098. What is the units digit of i?
7
Suppose -4*s - 17 = -v - 4, -5*v + 20 = -5*s. Let q be 3 - (2 + s) - -57. Suppose 66*b = q*b + 385. What is the tens digit of b?
7
Let b(q) be the third derivative of 0*q - 2*q**2 + 1/24*q**4 + 13/6*q**3 + 0. What is the tens digit of b(0)?
1
Suppose 0 = -a - 66 + 155. What is the tens digit of a?
8
Let v(p) = p**2 - 9*p + 28. Let k be v(7). Suppose -134 = -k*h + 12*h. What is the units digit of h?
7
Let m be (-886)/14 - (-8)/28. What is the units digit of (-2)/9 + 49/m - -111?
0
Let g = 50 + -30. What is the units digit of 2 - (1 + (-1 - g))?
2
Suppose -r - 1127 = -3*y - 4315, -5*y = -4*r + 12724. What is the tens digit of r/28 - ((-4)/(-7))/(-1)?
1
Let t(v) = 30*v**3 - 2*v**2 + v + 1. Let l be t(1). Suppose -5*j = -2*j - l. What is the tens digit of j?
1
Let q = 33 - 17. Let y = q + -13. Suppose y*d = -0*d + 9. What is the units digit of d?
3
Suppose -5*d = -2*u - 38, -2 = 5*d + 4*u - 16. Let q(x) = -x**3 + 9*x**2 - 6*x + 6. What is the tens digit of q(d)?
7
Let z = 0 - 2. Let m be ((-6)/z)/((-1)/(-19)). What is the units digit of m - (-1 + 2)/(-1)?
8
Let w be (340/12 - 2) + (-2)/6. Suppose -3*x - 2 = -4*x. Suppose 4*a - h = -x*h + 8, -2*a = -5*h - w. What is the units digit of a?
3
Let g = -39 + 23. Let s = -14 - g. Suppose 5*o = 2*o + s*t + 137, -4*t = 2*o - 102. What is the tens digit of o?
4
Let v(z) = 4*z**2 - 2*z - 6. Let q be v(4). Suppose -3*u = -4*j + 47, -5*u + q + 35 = 5*j. What is the units digit of ((-28)/(-49))/(2/j)?
4
Let w = -4083 + 8096. What is the thousands digit of w?
4
Suppose 4*n - 959 = -k, -k - 2*n - 4905 = -6*k. What is the tens digit of k?
7
Let m(a) = -a**3 + 13*a**2 - 12*a + 9. Let q be m(12). What is the units digit of 10/(-45) + 74/q?
8
Let a = 77 + -72. Suppose -a*r = -3*w + 412, -w + 0 = 4*r - 143. What is the hundreds digit of w?
1
Suppose -v = -2*p + 3898, 5*p = -2*v + 3*v + 9742. What is the tens digit of p?
4
Suppose -18*c + 72 = -21*c. Let k = 53 + c. Let t = 6 + k. What is the units digit of t?
5
Let v = 461 + 538. What is the hundreds digit of v?
9
Suppose -2*n - 20 = -0*n. Let f be (16/n)/(6/30). Let d = f - -26. What is the units digit of d?
8
Suppose 3*r - 8702 = -2*l, -r = 10*l - 6*l - 17394. What is the tens digit of l?
4
Suppose 8200 = 13*c - 26848. What is the tens digit of c?
9
Let h(m) = 31*m**2 + 3*m + 3. Suppose 5*g - 4 = g, -5*k + 3*g - 13 = 0. Let x be h(k). What is the units digit of (-22)/x + (-1280)/(-22)?
8
Let z(f) = f**3 + 4*f**2 + 3*f + 2. Let r be z(-3). Let k(q) = 10*q - 9. What is the units digit of k(r)?
1
Let k(d) = -63*d + 38. What is the tens digit of k(-6)?
1
Suppose 136*y = 147*y - 22143. What is the tens digit of y?
1
Let z = 37 - 21. Let o = z + -12. Suppose -2*f - 90 = -o*f. What is the units digit of f?
5
Let m(k) = 95*k - 2. Let i be m(-6). Let z = 18 + -117. What is the units digit of i/z + 4/18?
6
Let y(p) = 91*p + 7. Let g be y(6). Suppose 2*l + 5*w = 250 - 11, 5*w = 4*l - g. Let r = l - 71. What is the tens digit of r?
6
Let r(l) = 697*l**2 + 11*l + 10. What is the tens digit of r(-1)?
9
Suppose 28 = -2*j + 4*j - 2*d, -3*j + 5*d = -46. Let f = 31 - j. What is the units digit of f?
9
Let r be 3 + 3 + -2*3. Suppose 2*l - 60 = -r*l. What is the units digit of l?
0
Let t be (24/9)/(3/(-369)*-2). Suppose 0 = -3*v + v + t. What is the units digit of v?
2
Let m be 82/7 - 2/(-7). Let t = 1782 - 1778. Suppose m*l - 13*l + t = 0. What is the units digit of l?
4
Suppose 3*s + 3*i = -0*i + 102, -5*s + i + 200 = 0. Suppose 0*v = 4*v - 648. What is the units digit of v/s + (-4)/26?
4
Suppose 2*x + 2*x = -3*g + 2235, x + g - 559 = 0. What is the tens digit of x?
5
Suppose 0 = 2*n - 4*d - 7586, 22*n - 2*d = 27*n - 19025. What is the hundreds digit of n?
8
Let h be (-3)/(2 + (-46)/20). Let u be h/4 + 5/2. Suppose 0 = 2*k + k + 3*r - 54, 0 = -u*k + 4*r + 135. What is the units digit of k?
3
Suppose -b = -2*g - 94, -8*g + 512 = 5*b - 4*g. What is the hundreds digit of b?
1
Let d = -5 + 6. Suppose -k = d - 17. Let c = k + 11. What is the tens digit of c?
2
Let p(t) be the third derivative of -t**6/120 - t**5/20 - 5*t**4/24 - t**3/3 - 21*t**2. Suppose -2*n - 4 = 2. What is the tens digit of p(n)?
1
Let u = 24 - 24. Suppose u = -n - 20 + 96. Suppose 3*i - n = -i. What is the tens digit of i?
1
Let h be -3 + 115/35 + 40/7. Suppose -h*a = -585 - 201. What is the tens digit of a?
3
Let m be (20/8 + -3)*6. Let n(p) = p**3 - 7*p**2 + 6*p - 1. Let v be n(6). What is the units digit of m/(v/(4/3))?
4
Let b(u) = 5*u**2 - 4*u - 10. Let x be b(-4). Suppose -3*z - 4*g + x = 19, -4*g = 2*z - 46. What is the tens digit of z?
2
Let g = 40 - 22. What is the units digit of 1436/g + 4/(-90)*-5?
0
Suppose 5*v + 22 = -18. Let g be -2*4/v*29. Suppose -c - 3*z + g = -0*z, 5*z = 20. What is the units digit of c?
7
Let f = -171 + 319. Let k = f - 97. What is the units digit of k?
1
Let a(o) = 42*o**2 - 12*o + 33. What is the thousands digit of a(5)?
1
Let a = -22 + 26. Suppose 5*y - 3 = -a*l - 16, 3*y = l - 18. What is the units digit of l?
3
What is the units digit of ((-156)/15)/(-13)*(0 - -2720)?
6
Let p be (-6)/21 - (-48)/21. Suppose p*m + 3*v - 581 = 0, 3*m + 2*v = -0*v + 884. Suppose -2*t - 50 = 3*d - 4*d, -5*d = 2*t - m. What is the units digit of d?
8
Let z be 2 + 4 + -3 + 111. Suppose 36 + z = 5*a. What is the units digit of a?
0
What is the tens digit of 1/4 + (-33690)/(-120)?
8
Let t = 70 + -24. Let f = t - -25. What is the units digit of f?
1
Suppose 4*t - 19 - 5 = 0. Let v = 46 + -28. Let k = t + v. What is the tens digit of k?
2
Let r(b) = 7*b**2 + 3*b + 10. Let q be r(-5). Suppose 0 = -0*p - 2*p - 2*y + q, 0 = 5*p + 4*y - 420. What is the tens digit of p?
8
Suppose -4402 = -21*i + 4922. What is the units digit of i?
4
Suppose -4*v + v + 9 = 0, -2*v = -h. Suppose -r + 4*r - h = -2*u, 0 = 3*r + 5*u - 6. Suppose r*y - 177 = -y. What is the units digit of y?
9
What is the units digit of ((-73911)/142)/(1*(-2)/24)?
6
Suppose -1397 = -o - 2*v + 4*v, 3*o + 2*v = 4175. What is the units digit of o?
3
Suppose 10*p - 5903 + 1293 = 0. What is the tens digit of p?
6
Let r(x) = -10*x - 15. Let w(f) = -20*f - 29. Let a(u) = -5*r(u) + 3*w(u). What is the tens digit of a(-6)?
4
Suppose 3*b - b + 136 = 0. Let d = b - -99. Suppose 4*c = d + 69. What is the units digit of c?
5
Let y(i) = 3*i**2 + 4*i - 3. Let c(p) be the third derivative of -p**5/60 + p**4/3 + 7*p**3/3 + 5*p**2. Let q be c(10). What is the tens digit of y(q)?
8
Suppose -2731 = -q + 2*j, j + 5973 = 2*q + 523. What is the thousands digit of q?
2
Suppose -2*f = -4*f + 260. Suppose -5*r + 10*r + j + 446 =